{"id":82,"date":"2016-08-14T00:01:02","date_gmt":"2016-08-13T22:01:02","guid":{"rendered":"http:\/\/www.hwf-straubing.de\/?page_id=82"},"modified":"2024-07-20T19:49:59","modified_gmt":"2024-07-20T17:49:59","slug":"aktuelleswissenswertes","status":"publish","type":"page","link":"https:\/\/www.brigitte-pohlmann.de\/index.php\/aktuelleswissenswertes\/","title":{"rendered":"Wissenswertes"},"content":{"rendered":"<p><a href=\"http:\/\/www.hwf-straubing.de\/wp-content\/uploads\/2016\/08\/Bild-Startseite2.jpg\" rel=\"wpdevart_lightbox\"><img loading=\"lazy\" decoding=\"async\" class=\"alignnone wp-image-6 size-full\" src=\"http:\/\/www.brigitte-pohlmann.de\/wp-content\/uploads\/2016\/08\/Bild-Startseite2.jpg\" alt=\"Bild Hauswirtschaftlicher Fachservice Straubing\" width=\"1200\" height=\"400\" srcset=\"https:\/\/www.brigitte-pohlmann.de\/wp-content\/uploads\/2016\/08\/Bild-Startseite2.jpg 1200w, https:\/\/www.brigitte-pohlmann.de\/wp-content\/uploads\/2016\/08\/Bild-Startseite2-300x100.jpg 300w, https:\/\/www.brigitte-pohlmann.de\/wp-content\/uploads\/2016\/08\/Bild-Startseite2-768x256.jpg 768w, https:\/\/www.brigitte-pohlmann.de\/wp-content\/uploads\/2016\/08\/Bild-Startseite2-1024x341.jpg 1024w\" sizes=\"auto, (max-width: 1200px) 100vw, 1200px\" \/><\/a><\/p>\n<h3>Die wichtigsten Fragen rund um das Thema Haushaltshilfe!<\/h3>\n<p><strong>Haushalts- und Familienhilfe<\/strong><\/p>\n<p>Personen, die aufgrund von Krankheit, nach Krankenhausaufenthalt oder anderen Gr\u00fcnden, Unterst\u00fctzung in der Haushaltsfortf\u00fchrung ben\u00f6tigen,<br \/>\nhaben in vielen F\u00e4llen Anspruch durch die Krankenkasse. Diese wird nach Vorlage eines \u00e4rztlichen Attests bei der Krankenkasse durch diese genehmigt.<br \/>\nAb dann k\u00f6nnen wir unterst\u00fctzen.<\/p>\n<p>Unter welchen Voraussetzungen die gesetzlichen Krankenkassen f\u00fcr die Haushaltshilfe die Kosten<br \/>\naufkommen, wird mit den folgenden Fragen behandelt und beantwortet.<\/p>\n<p><strong>Welche Voraussetzung muss gegeben sein?<\/strong><\/p>\n<p>Die Voraussetzungen zur Genehmigung einer Haushaltshilfe sind in <a href=\"https:\/\/www.gesetze-im-internet.de\/sgb_5\/__38.html\">\u00a7 38 SGB V<\/a> geregelt.<\/p>\n<p><strong>Wer hat Anspruch auf Haushaltshilfe?<\/strong><\/p>\n<p>Die erkranke Person sollte \u201ehaushaltsf\u00fchrend\u201c sein, sich also bisher um alles im Haushalt gek\u00fcmmert haben.<br \/>\nIst der Ehepartner w\u00e4hrend dessen Zuhause, dann besteht kein Anspruch auf Haushaltshilfe.<br \/>\nJedoch muss sich der Ehepartner deshalb nicht unbedingt Urlaub nehmen.<br \/>\nTeilen sich in Vollzeit arbeitende Eltern den Haushalt, gelten beide als haushaltsf\u00fchrend.<\/p>\n<p><strong>Wie stelle ich den Antrag richtig?<\/strong><\/p>\n<p>Der\/die behandelnde Arzt\/\u00c4rztin stellt zun\u00e4chst ein Attest aus, welches eine medizinische Notwendigkeit erkl\u00e4rt,<br \/>\nwie viele Stunden t\u00e4glich eine Haushaltshilfe ben\u00f6tigt wird.<br \/>\nDie Bescheinigung sollte dann zusammen mit dem Antrag schnellstm\u00f6glich an die Krankenkasse geleitet werden.<\/p>\n<p><strong>Wie kann das Verfahren beschleunigt werden?<\/strong><\/p>\n<p>In dringenden F\u00e4llen kann sich z. B. der Sozialdienst einer Klinik \u00fcber das Entlassungs-Management mit<br \/>\nder zust\u00e4ndigen Krankenkasse kurzschlie\u00dfen. Das allerdings setzt voraus, das der Patient diesbez\u00fcglich<br \/>\nan den Sozialdienst direkt wendet, um das Verfahren der Bewilligung zu beschleunigen.<\/p>\n<p><strong>Wie lange bezahlt die Kasse diese Leistung?<\/strong><\/p>\n<p>Lebt ein Kind bis max. 12 Jahre oder eines mit Behinderung im Haushalt, zahlt die Kasse bis zu<br \/>\n26 Wochen lang, egal ob der Versicherte in der Klinik, auf Reha oder zuhause ist. Ohne Kinder<br \/>\nl\u00e4uft die Finanzierung bereits nach 4 Wochen aus.<\/p>\n<p><strong>Wie hoch f\u00e4llt die gesetzliche Zuzahlung aus?<\/strong><\/p>\n<p>Versicherte \u00fcber 18 Jahre zahlen 10% an Zuzahlung der Kosten der Haushaltshilfe. Laut AOK sind<br \/>\n5,00 Euro mindestens und 10,00 Euro maximal pro Tag zu bezahlen. F\u00fcr Schwangere und frisch<br \/>\nEntbundene, deren Antrag bewilligt wurde, entf\u00e4llt diese Zuzahlung.<\/p>\n<p>&nbsp;<\/p>\n<p>&nbsp;<\/p>\n<p>&nbsp;<\/p>\n","protected":false},"excerpt":{"rendered":"<p>Die wichtigsten Fragen rund um das Thema Haushaltshilfe! Haushalts- und Familienhilfe Personen, die aufgrund von Krankheit, nach Krankenhausaufenthalt oder anderen Gr\u00fcnden, Unterst\u00fctzung in der Haushaltsfortf\u00fchrung ben\u00f6tigen, haben in vielen F\u00e4llen Anspruch durch die Krankenkasse. Diese wird nach Vorlage eines \u00e4rztlichen <a class=\"more-link\" href=\"https:\/\/www.brigitte-pohlmann.de\/index.php\/aktuelleswissenswertes\/\">weiterlesen&#8230;<\/a><\/p>\n","protected":false},"author":1,"featured_media":0,"parent":0,"menu_order":5,"comment_status":"closed","ping_status":"closed","template":"","meta":{"footnotes":""},"class_list":["post-82","page","type-page","status-publish","hentry"],"_links":{"self":[{"href":"https:\/\/www.brigitte-pohlmann.de\/index.php\/wp-json\/wp\/v2\/pages\/82","targetHints":{"allow":["GET"]}}],"collection":[{"href":"https:\/\/www.brigitte-pohlmann.de\/index.php\/wp-json\/wp\/v2\/pages"}],"about":[{"href":"https:\/\/www.brigitte-pohlmann.de\/index.php\/wp-json\/wp\/v2\/types\/page"}],"author":[{"embeddable":true,"href":"https:\/\/www.brigitte-pohlmann.de\/index.php\/wp-json\/wp\/v2\/users\/1"}],"replies":[{"embeddable":true,"href":"https:\/\/www.brigitte-pohlmann.de\/index.php\/wp-json\/wp\/v2\/comments?post=82"}],"version-history":[{"count":19,"href":"https:\/\/www.brigitte-pohlmann.de\/index.php\/wp-json\/wp\/v2\/pages\/82\/revisions"}],"predecessor-version":[{"id":267,"href":"https:\/\/www.brigitte-pohlmann.de\/index.php\/wp-json\/wp\/v2\/pages\/82\/revisions\/267"}],"wp:attachment":[{"href":"https:\/\/www.brigitte-pohlmann.de\/index.php\/wp-json\/wp\/v2\/media?parent=82"}],"curies":[{"name":"wp","href":"https:\/\/api.w.org\/{rel}","templated":true}]}}